ime factors of 33644350?
2, 5, 29, 23203
What are the prime factors of 905439819?
3, 47, 6421559
What are the prime factors of 2673643637?
7, 43, 241, 36857
List the prime factors of 1903423.
107, 17789
List the prime factors of 123736549.
139, 461, 1931
List the prime factors of 82090908.
2, 3, 253367
What are the prime factors of 619081194?
2, 3, 103180199
List the prime factors of 49119274.
2, 61, 457, 881
List the prime factors of 191532413.
883, 216911
What are the prime factors of 31968213?
3, 103, 103457
What are the prime factors of 2704673453?
2704673453
List the prime factors of 314405436.
2, 3, 26200453
List the prime factors of 51304720.
2, 5, 23, 27883
List the prime factors of 1097892947.
827, 1327561
List the prime factors of 7803284961.
3, 79, 1459, 22567
List the prime factors of 335498549.
47, 2237, 3191
What are the prime factors of 1124455811?
18457, 60923
What are the prime factors of 96208377?
3, 89, 193, 1867
List the prime factors of 167970888.
2, 3, 777643
List the prime factors of 374841178.
2, 389, 481801
What are the prime factors of 233137363?
557, 418559
List the prime factors of 315726752.
2, 11, 73, 1117
What are the prime factors of 1249183748?
2, 311, 1004167
List the prime factors of 73059773.
419, 174367
What are the prime factors of 62635466?
2, 79, 396427
List the prime factors of 4609085202.
2, 3, 6827, 37507
What are the prime factors of 3697665118?
2, 7, 2861, 92317
What are the prime factors of 52901906?
2, 26450953
What are the prime factors of 1319074819?
3323, 396953
What are the prime factors of 35148388?
2, 11, 193, 4139
List the prime factors of 15064561.
53, 284237
What are the prime factors of 67095733?
67095733
List the prime factors of 1783643.
1783643
What are the prime factors of 355354395?
3, 5, 11, 31, 69473
What are the prime factors of 465284821?
1439, 323339
What are the prime factors of 2094751?
2094751
What are the prime factors of 32814860?
2, 5, 13, 126211
What are the prime factors of 30756259?
1531, 20089
What are the prime factors of 10185937?
59, 172643
List the prime factors of 2505366.
2, 3, 139187
What are the prime factors of 1014583680?
2, 3, 5, 11, 67, 239
List the prime factors of 2960073523.
11, 3499, 76907
What are the prime factors of 2008519095?
3, 5, 11, 12172843
List the prime factors of 9239237.
7, 151, 8741
List the prime factors of 63433232.
2, 41, 96697
What are the prime factors of 9844300?
2, 5, 98443
List the prime factors of 71940090.
2, 3, 5, 17, 23, 6133
List the prime factors of 55792311.
3, 3413, 5449
List the prime factors of 2163407798.
2, 313, 3455923
What are the prime factors of 7687865516?
2, 71, 809, 33461
List the prime factors of 210541734.
2, 3, 13, 181, 1657
List the prime factors of 563975116.
2, 563, 250433
What are the prime factors of 766990345?
5, 11, 13945279
What are the prime factors of 139260483?
3, 47, 401, 821
List the prime factors of 17624684.
2, 7, 11, 57223
What are the prime factors of 134192959?
41, 3272999
List the prime factors of 8387803398.
2, 3, 13, 89, 1208269
List the prime factors of 28418244.
2, 3, 2368187
What are the prime factors of 313634857?
313634857
List the prime factors of 26181696.
2, 3, 19, 7177
List the prime factors of 515031604.
2, 128757901
What are the prime factors of 1017816007?
13, 78293539
What are the prime factors of 8967521?
43, 347, 601
What are the prime factors of 377407125?
3, 5, 335473
What are the prime factors of 461291594?
2, 31, 7440187
What are the prime factors of 1372963821?
3, 643, 711749
List the prime factors of 5169114614.
2, 47, 54990581
What are the prime factors of 246474841?
617, 399473
List the prime factors of 1918385094.
2, 3, 17, 103, 182599
List the prime factors of 1634649223.
8849, 184727
List the prime factors of 71874993.
3, 4523, 5297
What are the prime factors of 324296031?
3, 108098677
List the prime factors of 249441869.
3347, 74527
List the prime factors of 148035586.
2, 1301, 56893
List the prime factors of 7984978193.
67, 119178779
What are the prime factors of 59765799?
3, 23, 31, 27941
What are the prime factors of 51992975?
5, 2079719
List the prime factors of 64696571.
64696571
List the prime factors of 1856702975.
5, 74268119
What are the prime factors of 1899450198?
2, 3, 47, 659, 3407
What are the prime factors of 6029662340?
2, 5, 13, 17, 1364177
List the prime factors of 62983636.
2, 15745909
What are the prime factors of 543864497?
11, 101, 491, 997
List the prime factors of 23794454.
2, 11897227
List the prime factors of 1190384216.
2, 7, 4013, 5297
What are the prime factors of 1141748773?
11, 23, 61, 167, 443
What are the prime factors of 567237852?
2, 3, 113, 139439
What are the prime factors of 522199426?
2, 7, 37, 227, 4441
What are the prime factors of 24748227?
3, 7, 37, 3539
List the prime factors of 66176360.
2, 5, 947, 1747
What are the prime factors of 122898982?
2, 23, 103, 25939
List the prime factors of 204350641.
11, 353, 52627
What are the prime factors of 62011962?
2, 3, 3445109
List the prime factors of 92157184.
2, 7, 51427
List the prime factors of 18533715.
3, 5, 293, 4217
What are the prime factors of 457455256?
2, 499, 114593
List the prime factors of 169888561.
3061, 55501
What are the prime factors of 1374153557?
7, 257, 763843
List the prime factors of 491160621.
3, 7, 19, 31, 39709
What are the prime factors of 266415996?
2, 3, 7, 11, 373, 773
List the prime factors of 62991003.
3, 2293, 9157
List the prime factors of 86928154.
2, 19, 31, 109, 677
What are the prime factors of 437824776?
2, 3, 18242699
What are the prime factors of 6871571754?
2, 3, 12641, 90599
What are the prime factors of 108941454?
2, 3, 6052303
What are the prime factors of 7829156?
2, 1957289
What are the prime factors of 993002741?
43, 23093087
What are the prime factors of 1420227?
3, 23, 2287
What are the prime factors of 867876998?
2, 43, 73, 138241
List the prime factors of 71369375.
5, 7, 11, 1483
List the prime factors of 230386500.
2, 3, 5, 51197
What are the prime factors of 214862045?
5, 42972409
What are the prime factors of 2676700?
2, 5, 13, 29, 71
What are the prime factors of 6918967613?
18637, 371249
What are the prime factors of 178554836?
2, 41, 1088749
What are the prime factors of 78115241?
29, 2693629
List the prime factors of 16112993.
13, 1239461
What are the prime factors of 729233867?
729233867
What are the prime factors of 1214196394?
2, 607098197
What are the prime factors of 742228976?
2, 17, 163, 16741
What are the prime factors of 894583351?
894583351
What are the prime factors of 176171790?
2, 3, 5, 1741, 3373
What are the prime factors of 161426520?
2, 3, 5, 49823
What are the prime factors of 279364833?
3, 11, 2821867
What are the prime factors of 17829409?
13, 1371493
List the prime factors of 684187999.
11, 62198909
What are the prime factors of 108265693?
181, 587, 1019
List the prime factors of 39043871.
43, 907997
List the prime factors of 35757595.
5, 97, 73727
List the prime factors of 4044207.
3, 19, 70951
What are the prime factors of 1626325038?
2, 3, 13, 31, 224197
What are the prime factors of 125187370?
2, 5, 7, 11, 367, 443
List the prime factors of 45084106.
2, 31, 83, 8761
What are the prime factors of 94168557?
3, 7, 1494739
List the prime factors of 8469578138.
2, 7, 31, 67, 291271
What are the prime factors of 604557067?
19, 31818793
What are the prime factors of 30640383?
3, 383, 2963
List the prime factors of 71859804.
2, 3, 47, 103, 1237
What are the prime factors of 18533318?
2, 9266659
List the prime factors of 39364416.
2, 3, 7, 13, 751
List the prime factors of 697174056.
2, 3, 9682973
What are the prime factors of 1814577320?
2, 5, 2551, 17783
What are the prime factors of 74341934?
2, 23, 53, 30493
List the prime factors of 1852671714.
2, 3, 308778619
List the prime factors of 223708588.
2, 55927147
What are the prime factors of 56616546?
2, 3, 7, 1348013
List the prime factors of 338713734.
2, 3, 419, 134731
What are the prime factors of 91743227?
91743227
What are the prime factors of 5687515?
5, 1137503
What are the prime factors of 72588124?
2, 7, 239, 10847
What are the prime factors of 1012707645?
3, 5, 97, 696019
What are the prime factors of 264022737?
3, 11, 8000689
List the 